/(o/78)?
3
What is the units digit of 3953/6 + (-4 - (-200)/48)?
9
Let n(c) = 3*c**2 - 29*c - 4. What is the units digit of n(-19)?
0
Let x(z) = -16*z + 27. Suppose 3*h - 7*h = 32. What is the hundreds digit of x(h)?
1
Let n(y) = y**2 - 11*y - 1. Let x be n(-8). Suppose 68*l = 48*l + 1720. Let j = x - l. What is the units digit of j?
5
Let j = -105024 - -74043. What is the units digit of j/(-161) - (-6)/(-14)?
2
Suppose -4*s = -x + 113, -s - 2 = -3*s. What is the tens digit of x?
1
What is the tens digit of -5 + 3320/5 + 0?
5
Suppose -2*s - 2*w + 846 = 0, -2*w - 549 - 1601 = -5*s. What is the units digit of s?
8
Suppose k - 8*k = -581. What is the units digit of k?
3
Let y(d) = d**3 + 9*d**2 - 12*d. Let s be y(-9). Suppose -4*o + 3*o = -s. What is the hundreds digit of o?
1
Let g(d) = -d**3 + 11*d**2 - 4*d. Let q be g(10). What is the tens digit of ((-38)/(-10) - 3)*q?
4
Let f = -22 + 30. Let h be (-3 - -4) + f + 1. What is the units digit of 105/h - (-4)/(-8)?
0
Suppose -3*u + 4*t - 110 = -18, 5*u + 160 = 5*t. Let w = -11 - u. What is the tens digit of w + 1/((-4)/(-4))?
2
Suppose -2*a - 3*y = -11, 3*a = -3*y - 0*y + 9. Let h(b) = -3*b**3 - 3*b**2 + 1. What is the units digit of h(a)?
3
Suppose 2*j - 149 = 3*l + 314, l = -3*j - 158. Let i = 369 + l. What is the tens digit of i?
1
Suppose -w = j - 362 - 495, -2*j + 3*w + 1739 = 0. What is the hundreds digit of j?
8
Let v be -1 + 0 + (-11 - -14). Suppose -v = -g - g. What is the units digit of (g - -29)*2/3?
0
Let f(b) = 6*b**2 + 40*b - 4. What is the hundreds digit of f(-14)?
6
Suppose -5*f + 16128 = 4*v - 77, -5*v + 20272 = f. What is the hundreds digit of v?
0
Suppose -5*d + 12 = 2*t, 3*t - 3*d = d - 28. Let a = t - 13. Let l = a + 42. What is the units digit of l?
5
Suppose 3*v = r + 3867, 0 = -2*v - 0*v - 2*r + 2570. What is the units digit of v?
8
Suppose -33 = -3*q + y, 0*y - 4*y = 5*q - 55. What is the tens digit of q?
1
Let n(u) = u**3 + 4*u**2 - 2*u - 2. Let s be n(-4). Let x be -2*(-1)/s*3. What is the units digit of x + 4 - (-2)/(-1)?
3
Let h = -5 + 16. Suppose -3*l + z = -1, -l + 4*z + 2 = -2. What is the units digit of l - h/2*-4?
2
Let r(x) = 6*x**3 - 20*x**2 + 9*x - 13. Let m(h) = -5*h**3 + 19*h**2 - 10*h + 13. Let t(d) = 5*m(d) + 4*r(d). What is the units digit of t(14)?
3
Suppose -4*q = -2*o - q + 1800, 0 = 2*o - 4*q - 1800. What is the units digit of o?
0
Let f(b) = -2*b - 12. Let s be f(0). Let a = s - -22. What is the units digit of (1 - 6)*(-42)/a?
1
Let f(v) = 11*v - 1. Let a be (3/2)/(3/6). Suppose -11*s + a = -10*s. What is the units digit of f(s)?
2
What is the units digit of ((-1851)/(-15))/((-7)/(-105))?
1
Let w be 5 + (1 - 2) - 10. What is the tens digit of (-4)/(-6)*(-477)/w?
5
Suppose 0 = 5*f - 20, -5*v + 2*f + 9 = -8. Suppose -2*x = 2*u - 16, -6*u = -4*x - 5*u + 7. Suppose -v + x = -c. What is the units digit of c?
2
Suppose 0 = -5*f + 23 + 7. Suppose 0 = g + 2*r - 134, 0 = -r + f*r. What is the tens digit of g?
3
What is the hundreds digit of (906/36 - 4/24)*17?
4
Let s = 170 + -305. What is the tens digit of 216/5 + 27/s?
4
Suppose -23*s - 2 = -22*s. Suppose 2*v + 4 - 16 = 0. What is the tens digit of (-3)/s*104/v?
2
Let f = -57 - -57. Let q = 9 + -5. Suppose f = -h - 3*k + 70 - 28, 0 = 5*h - q*k - 134. What is the tens digit of h?
3
Suppose 3*m - 20 = -2*m. Suppose 0 = m*k + 1 - 377. What is the tens digit of k?
9
Let t(n) = 44*n + 34. Let s be t(-8). Let r = 478 + s. What is the hundreds digit of r?
1
Suppose -180*d + 142*d + 99636 = 0. What is the units digit of d?
2
Let s(g) = 3*g - 14. Let p(u) = 2*u - 7. Let m(y) = 5*p(y) - 3*s(y). Let j be m(-6). Suppose j = 3*l - 17. What is the units digit of l?
6
Suppose 0 = -2*k + k + 113. Let j = -33 + k. What is the units digit of j?
0
Suppose 0 = -36*j + 37*j + l - 336, 0 = 3*l + 9. What is the units digit of j?
9
Let b = -498 + 2966. What is the units digit of b?
8
Let k = -1133 + 1131. Let u(c) be the first derivative of -5*c**4/4 + c**3/3 + c**2 - c + 1. What is the tens digit of u(k)?
3
Let f(k) be the second derivative of k**5/20 - k**4/3 + 5*k**3/6 - 7*k**2/2 - 19*k. What is the tens digit of f(5)?
4
Let z(l) = l**3 - 20*l**2 + 54*l + 112. What is the units digit of z(25)?
7
Suppose i = a + 392, -5*i - 6*a + 3*a + 2000 = 0. What is the tens digit of i?
9
Let y(v) = -v**2 - 15*v - 4. Let r(d) = -d**2 - 14*d - 4. Let u(n) = 6*r(n) - 5*y(n). Let a be 7/(-42) - 123/18. What is the tens digit of u(a)?
1
Let j(q) = -5 - 4 + 4 + q**2 - 3*q. Let o = -310 + 306. What is the tens digit of j(o)?
2
Let x(r) = -2*r + 3. Let n be x(-3). Let z(v) = v + 13. Let t be z(n). Let f = -14 + t. What is the units digit of f?
8
Let i(t) = t + 41. Suppose 5*h + 67 = j, -8 - 20 = 2*h - j. What is the units digit of i(h)?
8
Let d = 125 + -86. Let p = -24 + d. What is the tens digit of p?
1
Let w = 1114 - -425. What is the hundreds digit of w?
5
Let d(s) = -21*s**2 - s + 2. Let n(q) = 85*q**2 + 5*q - 9. Let h(w) = 9*d(w) + 2*n(w). Let o be h(-1). What is the tens digit of (338/(-65))/(2/o)?
5
Let x = -10 + 15. Suppose -4*y - d = -y - 123, -x*d - 57 = -y. What is the tens digit of y?
4
Suppose 7996 = 3*f - 5*g + 756, 0 = -f + 4*g + 2425. What is the thousands digit of f?
2
What is the hundreds digit of -1*3 - (-28 - 122)?
1
Suppose -17303 = -87*t + 76*t. What is the thousands digit of t?
1
Let l = 122 + -120. What is the units digit of l?
2
Let a = 26 + -21. Suppose 0*x + a*x = 65. What is the tens digit of x?
1
Suppose -q - 7 = 4*j, 2*j + 44 = 3*q + j. Let d(t) = -3 - q*t - 6 + 7. What is the tens digit of d(-2)?
2
Let g = 2706 + -1646. What is the thousands digit of g?
1
What is the units digit of 5070*(3/(-4) - (-130)/120)?
0
Let b = -47 + 430. What is the units digit of b?
3
Suppose 5*i - 4789 = 2141. Suppose -17*a + i = -6*a. What is the units digit of a?
6
Let v(n) = -n - 1. Let o(a) = -a**3 + a**2 + a - 2. Let b be o(0). Let r be v(b). What is the tens digit of ((-48)/(-60))/(r/35)?
2
Let f = 311 - 115. What is the hundreds digit of f?
1
Let d(r) = r**3 - 14*r**2 - 35*r - 112. What is the hundreds digit of d(18)?
5
Let w(x) = x**2 - 6*x + 8. Let i(s) = s**2 + 7*s + 5. Let c(d) = -d**3 - 4*d**2 + d - 3. Let u be c(-4). Let q be i(u). What is the units digit of w(q)?
3
Let h = -422 - -1321. What is the tens digit of h?
9
Let t(k) = -k**2 + 7. Let a be t(0). Suppose -a*d = -345 - 61. What is the units digit of d?
8
Let v be (3/(-6))/((-2)/4). Suppose -5*o - v + 14 = u, 4*o - 23 = -5*u. Suppose 7*q - 5*k = u*q + 168, 16 = -4*k. What is the tens digit of q?
3
Suppose -1064 = 12*r - 5096. Suppose 18*b - r = 14*b. What is the tens digit of b?
8
Suppose -4804 = -20*x + 10216. What is the tens digit of x?
5
Suppose -5*f + 107 = 417. Let c = 2 - f. What is the tens digit of c?
6
Let j(o) = 6*o**2 - o. Let z be j(2). Suppose 3*b = -3*f + 5*b + 46, 3*b - z = -2*f. Suppose -q + 7 = -f. What is the tens digit of q?
2
What is the units digit of -12*3/18*-393?
6
Suppose -5*p = -693 + 73. What is the hundreds digit of p?
1
Suppose -5*c - 748 = -3*l, c - 5*l = -l - 136. What is the tens digit of c/(-6) + (-21)/63?
2
Let q(k) = 201*k**3 - 1. Let f be q(1). Suppose 0 = -w - 3*w + f. What is the units digit of w?
0
Let m(p) = 47*p + 37. What is the tens digit of m(9)?
6
Suppose -2*b = -254 - 518. Let y = b - 271. What is the units digit of y?
5
Let l = -291 - -857. What is the hundreds digit of l?
5
Let n = 57 - 44. Suppose -8*w + 2397 = n. What is the units digit of w?
8
Suppose -m + 39 = 3*l, -m - 4*l - 25 = -2*m. Let z = m - 21. What is the units digit of z?
2
Suppose 10*a - 110 = -0*a. Let f = 213 - 98. Suppose -6*l = -f - a. What is the units digit of l?
1
Let h be (0 - -2) + -3 + 12. Suppose 5*k + h + 84 = 0. Let v = k + 33. What is the tens digit of v?
1
Let y(g) be the second derivative of g**3/6 + 15*g**2/2 - g. Let b be y(0). Let a = b - -14. What is the units digit of a?
9
Suppose -3*x - 27 = -6*x. Let s be 2/x - 374/(-99). Suppose -4*h - 97 = -5*k, 9*k + 3*h = s*k + 111. What is the units digit of k?
1
Let y be (-35)/10*(-34)/7*2. Suppose -y = 2*r - 230. What is the units digit of r?
8
Let l be (-3010)/(-6) + (-6)/(-18) - 3. Let u = l + -284. What is the units digit of u?
5
Let g be 8*3/6 - 2. Suppose -g*u = 152 - 460. What is the te